
{"id":87,"date":"2021-04-22T11:37:47","date_gmt":"2021-04-22T09:37:47","guid":{"rendered":"https:\/\/crclebrija.com\/ajubes\/?page_id=87"},"modified":"2021-04-22T11:37:47","modified_gmt":"2021-04-22T09:37:47","slug":"bancos","status":"publish","type":"page","link":"https:\/\/crclebrija.com\/ajubes\/bancos\/","title":{"rendered":"Bancos"},"content":{"rendered":"\n<p>En Espa\u00f1a, para cobrar la pensi\u00f3n de jubilaci\u00f3n, es obligatorio tener una cuenta corriente en una Entidad Bancaria. Si es algo a lo que el Sistema de la Seguridad Social, en definitiva el Gobierno, obliga, es totalmente impresentable y roza la ilegalidad, que el Banco cobre una cuota de mantenimiento a un jubilado que, como puede comprobar mejor que nadie (el Banco), verifique que se trata de una cuenta corriente necesaria para el cobro de la pensi\u00f3n.<\/p>\n\n\n\n<p>A la hora de abrir una cuenta en un Banco, todo son buenas palabras. La mayor\u00eda de las entidades te dicen que, domiciliando la pensi\u00f3n y un n\u00famero determinado de recibos, no te cobrar\u00e1n mantenimiento, pero al final todo cambia. Suele ocurrir que se reciba una carta o e-mail de nuestro Banco, en la se nos comunica que a partir de una determinada fecha nos cobrar\u00e1n una cuota de mantenimiento, en el caso de que no nos opongamos a ello en un determinado plazo. Evidentemente es imposible oponerse, ya que, si lo hacemos, nos cancelar\u00e1n la cuenta, con el consiguiente problema para cobrar la pensi\u00f3n. Esto tiene un nombre que no podemos reproducir aqu\u00ed, pues ni pretendemos utilizar lenguaje malsonante ni, por supuesto, acusar a nadie. Pero existir, existe.<\/p>\n\n\n\n<p>Existen algunas Entidades Bancarias que operan exclusivamente Online (a trav\u00e9s de Internet) y que no cobran mantenimiento, pero la mayor\u00eda no aceptan domiciliaci\u00f3n de pensiones. Por supuesto, aunque existan este tipo de Entidades, al jubilado, en general, le gusta tener una Entidad Bancaria que tenga Oficinas, en las que pueda realizar las gestiones necesarias directamente de forma presencial.<\/p>\n\n\n\n<p>Esta Asamblea, AJUBES.COM, tiene como misi\u00f3n pr\u00f3xima y de m\u00e1xima prioridad e importancia, acabar con este tipo de pr\u00e1cticas bancarias en el caso de los jubilados o, en su caso, poder cobrar la pensi\u00f3n sin necesidad de poseer una cuenta bancaria.<\/p>\n\n\n\n<p>Una de las ideas que proponemos es la de que, en distintas Entidades Bancarias existan unas cuentas especiales en las que cualquier jubilado que no tenga una cuenta corriente, simplemente presentando su documentaci\u00f3n pertinente, pueda cobrar su pensi\u00f3n en efectivo. Esto es especialmente importante en las pensiones de peque\u00f1a cuant\u00eda, de cuyo importe dispone cualquier jubilado desde el momento que actualmente se ingresa en su cuenta corriente.<\/p>\n\n\n\n<p>Para lograr este objetivo o cualquier otro, es imprescindible que existan un n\u00famero importante de jubilados que lo soliciten. Simplemente h\u00e1ganos llegar un correo electr\u00f3nico, en el que figuren sus datos y su firma. El texto podr\u00eda ser parecido a lo siguiente:<\/p>\n\n\n\n<p>Su nombre y apellidos, con DNI (su n\u00famero), jubilado desde (fecha), SOLICITA una de las 2 opciones siguientes: 1)-Poder cobrar mi pensi\u00f3n en efectivo en una Entidad Bancaria sin poseer cuenta corriente, simplemente con mi DNI, \u00f3 2)-Suprimir todos los costos de mantenimiento de una cuenta corriente cuyo titular sea un jubilado.<\/p>\n\n\n\n<p>Acabar\u00eda el mencionado texto con la fecha, ciudad y firma del interesado.<\/p>\n\n\n<h5 style=\"text-align: center;\"><span style=\"color: #ff6600;\">Este documento puede ser enviado a:<\/span><\/h5>\n<h4 style=\"text-align: center;\"><span style=\"color: #ffff00;\">jubilados @ ajubes.com<\/span><\/h4>\n\n\n<hr class=\"wp-block-separator\"\/>\n\n\n\n<div class=\"wp-block-cover alignfull has-background-dim\" style=\"min-height:1010px;aspect-ratio:unset;\"><img loading=\"lazy\" decoding=\"async\" width=\"1452\" height=\"1154\" class=\"wp-block-cover__image-background wp-image-38\" alt=\"\" src=\"https:\/\/crclebrija.com\/ajubes\/wp-content\/uploads\/2021\/04\/fondo.jpg\" data-object-fit=\"cover\" srcset=\"https:\/\/crclebrija.com\/ajubes\/wp-content\/uploads\/2021\/04\/fondo.jpg 1452w, https:\/\/crclebrija.com\/ajubes\/wp-content\/uploads\/2021\/04\/fondo-300x238.jpg 300w, https:\/\/crclebrija.com\/ajubes\/wp-content\/uploads\/2021\/04\/fondo-1024x814.jpg 1024w, https:\/\/crclebrija.com\/ajubes\/wp-content\/uploads\/2021\/04\/fondo-768x610.jpg 768w, https:\/\/crclebrija.com\/ajubes\/wp-content\/uploads\/2021\/04\/fondo-1200x954.jpg 1200w\" sizes=\"auto, (max-width: 1452px) 100vw, 1452px\" \/><div class=\"wp-block-cover__inner-container is-layout-flow wp-block-cover-is-layout-flow\">\n<p class=\"has-text-align-center has-large-font-size\"><\/p>\n<\/div><\/div>\n","protected":false},"excerpt":{"rendered":"<p>En Espa\u00f1a, para cobrar la pensi\u00f3n de jubilaci\u00f3n, es obligatorio tener una cuenta corriente en una Entidad Bancaria. Si es algo a lo que el Sistema de la Seguridad Social, en definitiva el Gobierno, obliga, es totalmente impresentable y roza la ilegalidad, que el Banco cobre una cuota de mantenimiento a un jubilado que, como [&hellip;]<\/p>\n","protected":false},"author":1,"featured_media":0,"parent":0,"menu_order":0,"comment_status":"closed","ping_status":"closed","template":"templates\/template-full-width.php","meta":{"footnotes":""},"class_list":["post-87","page","type-page","status-publish","hentry"],"_links":{"self":[{"href":"https:\/\/crclebrija.com\/ajubes\/wp-json\/wp\/v2\/pages\/87","targetHints":{"allow":["GET"]}}],"collection":[{"href":"https:\/\/crclebrija.com\/ajubes\/wp-json\/wp\/v2\/pages"}],"about":[{"href":"https:\/\/crclebrija.com\/ajubes\/wp-json\/wp\/v2\/types\/page"}],"author":[{"embeddable":true,"href":"https:\/\/crclebrija.com\/ajubes\/wp-json\/wp\/v2\/users\/1"}],"replies":[{"embeddable":true,"href":"https:\/\/crclebrija.com\/ajubes\/wp-json\/wp\/v2\/comments?post=87"}],"version-history":[{"count":1,"href":"https:\/\/crclebrija.com\/ajubes\/wp-json\/wp\/v2\/pages\/87\/revisions"}],"predecessor-version":[{"id":88,"href":"https:\/\/crclebrija.com\/ajubes\/wp-json\/wp\/v2\/pages\/87\/revisions\/88"}],"wp:attachment":[{"href":"https:\/\/crclebrija.com\/ajubes\/wp-json\/wp\/v2\/media?parent=87"}],"curies":[{"name":"wp","href":"https:\/\/api.w.org\/{rel}","templated":true}]}}