
{"id":46,"date":"2021-04-18T12:06:14","date_gmt":"2021-04-18T10:06:14","guid":{"rendered":"https:\/\/crclebrija.com\/ajubes\/?page_id=46"},"modified":"2022-10-06T08:49:42","modified_gmt":"2022-10-06T06:49:42","slug":"soluciones-2","status":"publish","type":"page","link":"https:\/\/crclebrija.com\/ajubes\/soluciones-2\/","title":{"rendered":"Soluciones"},"content":{"rendered":"\n<p>En estos momentos supone un utop\u00eda pensar que, de un plumazo, se vayan a resolver los problemas de los jubilados. En Espa\u00f1a hay un gran equipo, capitaneado por su CEO y Fundador, Ra\u00fal Casta\u00f1eda, llamado <strong><a rel=\"noreferrer noopener\" href=\"https:\/\/www.preicojuridicos.com\/inicio\/\" target=\"_blank\">PREICO JUR\u00cdDICOS<\/a><\/strong>, que est\u00e1n realizando una labor admirable contra las injusticias, en general. Animamos desde aqu\u00ed se decidan a comentarles su problema particular. En la Secci\u00f3n de esta web, denominada V\u00eddeos, podemos enlazar con algunos de los publicados en su canal de Youtube.<\/p>\n\n\n\n<p>La raz\u00f3n principal es la desuni\u00f3n de \u00e9stos, pues no debemos olvidar que los jubilados en Espa\u00f1a suponen un total de m\u00e1s de 9 millones.<\/p>\n\n\n\n<p>Supongamos por un momento que se unieran todos (siguiendo con la utop\u00eda). El resultado ser\u00eda el de ser el colectivo mayor de Espa\u00f1a. Imaginemos que pertenecen a un partido pol\u00edtico. La mayor\u00eda ser\u00eda, m\u00e1s que absoluta, aplastante, en unas elecciones parlamentarias.<\/p>\n\n\n\n<p>Hay que recordar que el jubilado no quiere pol\u00edticas. No suelen ser ni de un lado ni de otro, ya que lo que persiguen es vivir el \u00faltimo tramo de su vida en paz y sin complicaciones.<\/p>\n\n\n\n<p>Lo primero que habr\u00eda que hacer para solucionar el problema del pago de pensiones, es recortar la ingente cantidad de pol\u00edticos existentes en Espa\u00f1a. Simplemente habr\u00eda que comparar, para no hablar de cifras, con otros pa\u00edses. En Espa\u00f1a todo est\u00e1 politizado. Tenemos pol\u00edticos en Ayuntamientos, Diputaciones, Autonom\u00edas, Congreso, Senado, etc&#8230; Se puede afirmar que existe un pol\u00edtico por cada poco m\u00e1s de 100 habitantes.<\/p>\n\n\n<h5 style=\"text-align: center;\"><span style=\"color: #ff6600;\">Nuestros Correos Electr\u00f3nicos:<\/span><\/h5>\n<h5 style=\"text-align: center;\"><span style=\"color: #ffff00;\"><strong>info @ ajubes.com<\/strong><\/span><\/h5>\n<h5 style=\"text-align: center;\"><span style=\"color: #ffff00;\">jubilados @ ajubes.com<\/span><\/h5>\n\n\n<div class=\"wp-block-columns is-layout-flex wp-container-core-columns-is-layout-9d6595d7 wp-block-columns-is-layout-flex\">\n<div class=\"wp-block-column is-layout-flow wp-block-column-is-layout-flow\">\n<a href=\"https:\/\/clientes.sered.net\/aff.php?aff=7526\"><img decoding=\"async\" border=\"0\" src=\"http:\/\/clientes.sered.net\/images\/afiliados\/255x200.png\"><\/a>\n<\/div>\n\n\n\n<div class=\"wp-block-column is-layout-flow wp-block-column-is-layout-flow\">\n<a href=\"https:\/\/clientes.sered.net\/aff.php?aff=7526\"><img decoding=\"async\" border=\"0\" src=\"http:\/\/clientes.sered.net\/images\/afiliados\/cupon_2_cuadrado.png\"><\/a>\n<\/div>\n\n\n\n<div class=\"wp-block-column is-layout-flow wp-block-column-is-layout-flow\">\n<a href=\"https:\/\/clientes.sered.net\/aff.php?aff=7526\"><img decoding=\"async\" border=\"0\" src=\"http:\/\/clientes.sered.net\/images\/afiliados\/175x110.png\"><\/a>\n<\/div>\n<\/div>\n\n\n\n<hr class=\"wp-block-separator has-css-opacity\"\/>\n\n\n\n<div class=\"wp-block-cover alignfull\" style=\"min-height:1007px;aspect-ratio:unset;\"><span aria-hidden=\"true\" class=\"wp-block-cover__background has-background-dim\"><\/span><img loading=\"lazy\" decoding=\"async\" width=\"1452\" height=\"1154\" class=\"wp-block-cover__image-background wp-image-38\" alt=\"\" src=\"https:\/\/crclebrija.com\/ajubes\/wp-content\/uploads\/2021\/04\/fondo.jpg\" data-object-fit=\"cover\" srcset=\"https:\/\/crclebrija.com\/ajubes\/wp-content\/uploads\/2021\/04\/fondo.jpg 1452w, https:\/\/crclebrija.com\/ajubes\/wp-content\/uploads\/2021\/04\/fondo-300x238.jpg 300w, https:\/\/crclebrija.com\/ajubes\/wp-content\/uploads\/2021\/04\/fondo-1024x814.jpg 1024w, https:\/\/crclebrija.com\/ajubes\/wp-content\/uploads\/2021\/04\/fondo-768x610.jpg 768w, https:\/\/crclebrija.com\/ajubes\/wp-content\/uploads\/2021\/04\/fondo-1200x954.jpg 1200w\" sizes=\"auto, (max-width: 1452px) 100vw, 1452px\" \/><div class=\"wp-block-cover__inner-container is-layout-flow wp-block-cover-is-layout-flow\">\n<p class=\"has-text-align-center has-large-font-size\"><\/p>\n<\/div><\/div>\n","protected":false},"excerpt":{"rendered":"<p>En estos momentos supone un utop\u00eda pensar que, de un plumazo, se vayan a resolver los problemas de los jubilados. En Espa\u00f1a hay un gran equipo, capitaneado por su CEO y Fundador, Ra\u00fal Casta\u00f1eda, llamado PREICO JUR\u00cdDICOS, que est\u00e1n realizando una labor admirable contra las injusticias, en general. Animamos desde aqu\u00ed se decidan a comentarles [&hellip;]<\/p>\n","protected":false},"author":1,"featured_media":0,"parent":0,"menu_order":0,"comment_status":"closed","ping_status":"closed","template":"templates\/template-full-width.php","meta":{"footnotes":""},"class_list":["post-46","page","type-page","status-publish","hentry"],"_links":{"self":[{"href":"https:\/\/crclebrija.com\/ajubes\/wp-json\/wp\/v2\/pages\/46","targetHints":{"allow":["GET"]}}],"collection":[{"href":"https:\/\/crclebrija.com\/ajubes\/wp-json\/wp\/v2\/pages"}],"about":[{"href":"https:\/\/crclebrija.com\/ajubes\/wp-json\/wp\/v2\/types\/page"}],"author":[{"embeddable":true,"href":"https:\/\/crclebrija.com\/ajubes\/wp-json\/wp\/v2\/users\/1"}],"replies":[{"embeddable":true,"href":"https:\/\/crclebrija.com\/ajubes\/wp-json\/wp\/v2\/comments?post=46"}],"version-history":[{"count":8,"href":"https:\/\/crclebrija.com\/ajubes\/wp-json\/wp\/v2\/pages\/46\/revisions"}],"predecessor-version":[{"id":170,"href":"https:\/\/crclebrija.com\/ajubes\/wp-json\/wp\/v2\/pages\/46\/revisions\/170"}],"wp:attachment":[{"href":"https:\/\/crclebrija.com\/ajubes\/wp-json\/wp\/v2\/media?parent=46"}],"curies":[{"name":"wp","href":"https:\/\/api.w.org\/{rel}","templated":true}]}}

<p>En estos momentos supone un utopía pensar que, de un plumazo, se vayan a resolver los problemas de los jubilados. En España hay un gran equipo, capitaneado por su CEO y Fundador, Raúl Castañeda, llamado <strong><a rel="noreferrer noopener" href="https://www.preicojuridicos.com/inicio/" target="_blank">PREICO JURÍDICOS</a></strong>, que están realizando una labor admirable contra las injusticias, en general. Animamos desde aquí se decidan a comentarles su problema particular. En la Sección de esta web, denominada Vídeos, podemos enlazar con algunos de los publicados en su canal de Youtube.</p>



<p>La razón principal es la desunión de éstos, pues no debemos olvidar que los jubilados en España suponen un total de más de 9 millones.</p>



<p>Supongamos por un momento que se unieran todos (siguiendo con la utopía). El resultado sería el de ser el colectivo mayor de España. Imaginemos que pertenecen a un partido político. La mayoría sería, más que absoluta, aplastante, en unas elecciones parlamentarias.</p>



<p>Hay que recordar que el jubilado no quiere políticas. No suelen ser ni de un lado ni de otro, ya que lo que persiguen es vivir el último tramo de su vida en paz y sin complicaciones.</p>



<p>Lo primero que habría que hacer para solucionar el problema del pago de pensiones, es recortar la ingente cantidad de políticos existentes en España. Simplemente habría que comparar, para no hablar de cifras, con otros países. En España todo está politizado. Tenemos políticos en Ayuntamientos, Diputaciones, Autonomías, Congreso, Senado, etc&#8230; Se puede afirmar que existe un político por cada poco más de 100 habitantes.</p>


<h5 style="text-align: center;"><span style="color: #ff6600;">Nuestros Correos Electrónicos:</span></h5>
<h5 style="text-align: center;"><span style="color: #ffff00;"><strong>info @ ajubes.com</strong></span></h5>
<h5 style="text-align: center;"><span style="color: #ffff00;">jubilados @ ajubes.com</span></h5>


<div class="wp-block-columns is-layout-flex wp-container-core-columns-is-layout-9d6595d7 wp-block-columns-is-layout-flex">
<div class="wp-block-column is-layout-flow wp-block-column-is-layout-flow">
<a href="https://clientes.sered.net/aff.php?aff=7526"><img decoding="async" border="0" src="http://clientes.sered.net/images/afiliados/255x200.png"></a>
</div>



<div class="wp-block-column is-layout-flow wp-block-column-is-layout-flow">
<a href="https://clientes.sered.net/aff.php?aff=7526"><img decoding="async" border="0" src="http://clientes.sered.net/images/afiliados/cupon_2_cuadrado.png"></a>
</div>



<div class="wp-block-column is-layout-flow wp-block-column-is-layout-flow">
<a href="https://clientes.sered.net/aff.php?aff=7526"><img decoding="async" border="0" src="http://clientes.sered.net/images/afiliados/175x110.png"></a>
</div>
</div>



<hr class="wp-block-separator has-css-opacity"/>



<div class="wp-block-cover alignfull" style="min-height:1007px;aspect-ratio:unset;"><span aria-hidden="true" class="wp-block-cover__background has-background-dim"></span><img loading="lazy" decoding="async" width="1452" height="1154" class="wp-block-cover__image-background wp-image-38" alt="" src="https://crclebrija.com/ajubes/wp-content/uploads/2021/04/fondo.jpg" data-object-fit="cover" srcset="https://crclebrija.com/ajubes/wp-content/uploads/2021/04/fondo.jpg 1452w, https://crclebrija.com/ajubes/wp-content/uploads/2021/04/fondo-300x238.jpg 300w, https://crclebrija.com/ajubes/wp-content/uploads/2021/04/fondo-1024x814.jpg 1024w, https://crclebrija.com/ajubes/wp-content/uploads/2021/04/fondo-768x610.jpg 768w, https://crclebrija.com/ajubes/wp-content/uploads/2021/04/fondo-1200x954.jpg 1200w" sizes="auto, (max-width: 1452px) 100vw, 1452px" /><div class="wp-block-cover__inner-container is-layout-flow wp-block-cover-is-layout-flow">
<p class="has-text-align-center has-large-font-size"></p>
</div></div>

<p>En estos momentos supone un utopía pensar que, de un plumazo, se vayan a resolver los problemas de los jubilados. En España hay un gran equipo, capitaneado por su CEO y Fundador, Raúl Castañeda, llamado PREICO JURÍDICOS, que están realizando una labor admirable contra las injusticias, en general. Animamos desde aquí se decidan a comentarles [&hellip;]</p>
