
{"id":24,"date":"2021-04-18T11:31:26","date_gmt":"2021-04-18T09:31:26","guid":{"rendered":"https:\/\/crclebrija.com\/ajubes\/?page_id=24"},"modified":"2023-07-26T10:19:09","modified_gmt":"2023-07-26T08:19:09","slug":"inicio","status":"publish","type":"page","link":"https:\/\/crclebrija.com\/ajubes\/","title":{"rendered":"AJUBESCOM"},"content":{"rendered":"<h4 style=\"text-align: center;\"><span style=\"color: #ff6600;\">Asamblea de Jubilados Espa\u00f1oles punto com<\/span><\/h4>\n<h4 style=\"text-align: center;\"><span style=\"color: #ffff00;\">Esta es la p\u00e1gina principal de la Web del Jubilado.<\/span><\/h4>\n\n\n<p>La idea de esta Web es la de servir de ayuda y, al mismo tiempo, convertirse en portavoz, de toda persona en estado de JUBILACI\u00d3N en Espa\u00f1a.<\/p>\n\n\n\n<p>Sabemos que las pensiones son el objetivo de todo Gobierno, ya que, evidentemente, suponen un gasto importante. Sin embargo no piensan que, al llegar a la jubilaci\u00f3n, toda prestaci\u00f3n que recibe un jubilado, ha sido totalmente cotizada a lo largo de su Vida Laboral, conforme marcaban las leyes en cada momento.<\/p>\n\n\n\n<p>Existe un problema muy grande en Espa\u00f1a, con relaci\u00f3n a las pensiones, que es la cantidad miserable que percibe, de media un jubilado. Teniendo en cuenta que el salario m\u00ednimo interprofesional, SMI, en Espa\u00f1a es de 1.000 Euros mensuales, podemos afirmar que, la media de lo que cobra un pensionista, ronda el SMI y que, en la actualidad, m\u00e1s de la mitad de los jubilados espa\u00f1oles cobran por debajo de los 850 Euros mensuales.<\/p>\n\n\n\n<p>Es vergonzoso que, cualquier persona, habiendo trabajado y cotizado toda su vida, tenga que vivir, en la \u00faltima etapa, con esa miserable cantidad que, a pesar que el SMI est\u00e9 en 1.080 Euros mensuales (como comentamos anteriormente), en la actualidad no sea suficiente para poder mantener una vida digna.<\/p>\n\n\n\n<p>A todo lo expuesto hay que a\u00f1adir que la subida anual de la cuant\u00eda de las pensiones, est\u00e1 muy por debajo del \u00edndice de precios al consumo IPC, lo que hace que todo pensionista vaya perdiendo poder adquisitivo constantemente.<\/p>\n\n\n\n<p>Seleccione la secci\u00f3n del men\u00fa titulada \u00abProblemas\u00bb, en la que se enumeran los principales a los que se enfrentan cotidianamente los jubilados en Espa\u00f1a.<\/p>\n\n\n<h5 style=\"text-align: center;\"><span style=\"color: #ff6600;\">Nuestros Correos Electr\u00f3nicos:<\/span><\/h5>\n<h5 style=\"text-align: center;\"><span style=\"color: #ffff00;\"><strong>info @ ajubes.com<\/strong><\/span><\/h5>\n<h5 style=\"text-align: center;\"><span style=\"color: #ffff00;\">jubilados @ ajubes.com<\/span><\/h5>\n\n\n<hr class=\"wp-block-separator has-css-opacity\"\/>\n\n\n\n<div class=\"wp-block-cover alignfull\" style=\"min-height:988px;aspect-ratio:unset;\"><span aria-hidden=\"true\" class=\"wp-block-cover__background has-background-dim\"><\/span><img loading=\"lazy\" decoding=\"async\" width=\"1452\" height=\"1154\" class=\"wp-block-cover__image-background wp-image-38\" alt=\"\" src=\"https:\/\/crclebrija.com\/ajubes\/wp-content\/uploads\/2021\/04\/fondo.jpg\" data-object-fit=\"cover\" srcset=\"https:\/\/crclebrija.com\/ajubes\/wp-content\/uploads\/2021\/04\/fondo.jpg 1452w, https:\/\/crclebrija.com\/ajubes\/wp-content\/uploads\/2021\/04\/fondo-300x238.jpg 300w, https:\/\/crclebrija.com\/ajubes\/wp-content\/uploads\/2021\/04\/fondo-1024x814.jpg 1024w, https:\/\/crclebrija.com\/ajubes\/wp-content\/uploads\/2021\/04\/fondo-768x610.jpg 768w, https:\/\/crclebrija.com\/ajubes\/wp-content\/uploads\/2021\/04\/fondo-1200x954.jpg 1200w\" sizes=\"auto, (max-width: 1452px) 100vw, 1452px\" \/><div class=\"wp-block-cover__inner-container is-layout-flow wp-block-cover-is-layout-flow\">\n<p class=\"has-text-align-center has-large-font-size\"><\/p>\n<\/div><\/div>\n","protected":false},"excerpt":{"rendered":"<p>Asamblea de Jubilados Espa\u00f1oles punto com Esta es la p\u00e1gina principal de la Web del Jubilado. La idea de esta Web es la de servir de ayuda y, al mismo tiempo, convertirse en portavoz, de toda persona en estado de JUBILACI\u00d3N en Espa\u00f1a. Sabemos que las pensiones son el objetivo de todo Gobierno, ya que, [&hellip;]<\/p>\n","protected":false},"author":1,"featured_media":0,"parent":0,"menu_order":0,"comment_status":"closed","ping_status":"closed","template":"templates\/template-full-width.php","meta":{"footnotes":""},"class_list":["post-24","page","type-page","status-publish","hentry"],"_links":{"self":[{"href":"https:\/\/crclebrija.com\/ajubes\/wp-json\/wp\/v2\/pages\/24","targetHints":{"allow":["GET"]}}],"collection":[{"href":"https:\/\/crclebrija.com\/ajubes\/wp-json\/wp\/v2\/pages"}],"about":[{"href":"https:\/\/crclebrija.com\/ajubes\/wp-json\/wp\/v2\/types\/page"}],"author":[{"embeddable":true,"href":"https:\/\/crclebrija.com\/ajubes\/wp-json\/wp\/v2\/users\/1"}],"replies":[{"embeddable":true,"href":"https:\/\/crclebrija.com\/ajubes\/wp-json\/wp\/v2\/comments?post=24"}],"version-history":[{"count":12,"href":"https:\/\/crclebrija.com\/ajubes\/wp-json\/wp\/v2\/pages\/24\/revisions"}],"predecessor-version":[{"id":192,"href":"https:\/\/crclebrija.com\/ajubes\/wp-json\/wp\/v2\/pages\/24\/revisions\/192"}],"wp:attachment":[{"href":"https:\/\/crclebrija.com\/ajubes\/wp-json\/wp\/v2\/media?parent=24"}],"curies":[{"name":"wp","href":"https:\/\/api.w.org\/{rel}","templated":true}]}}

<h4 style="text-align: center;"><span style="color: #ff6600;">Asamblea de Jubilados Españoles punto com</span></h4>
<h4 style="text-align: center;"><span style="color: #ffff00;">Esta es la página principal de la Web del Jubilado.</span></h4>


<p>La idea de esta Web es la de servir de ayuda y, al mismo tiempo, convertirse en portavoz, de toda persona en estado de JUBILACIÓN en España.</p>



<p>Sabemos que las pensiones son el objetivo de todo Gobierno, ya que, evidentemente, suponen un gasto importante. Sin embargo no piensan que, al llegar a la jubilación, toda prestación que recibe un jubilado, ha sido totalmente cotizada a lo largo de su Vida Laboral, conforme marcaban las leyes en cada momento.</p>



<p>Existe un problema muy grande en España, con relación a las pensiones, que es la cantidad miserable que percibe, de media un jubilado. Teniendo en cuenta que el salario mínimo interprofesional, SMI, en España es de 1.000 Euros mensuales, podemos afirmar que, la media de lo que cobra un pensionista, ronda el SMI y que, en la actualidad, más de la mitad de los jubilados españoles cobran por debajo de los 850 Euros mensuales.</p>



<p>Es vergonzoso que, cualquier persona, habiendo trabajado y cotizado toda su vida, tenga que vivir, en la última etapa, con esa miserable cantidad que, a pesar que el SMI esté en 1.080 Euros mensuales (como comentamos anteriormente), en la actualidad no sea suficiente para poder mantener una vida digna.</p>



<p>A todo lo expuesto hay que añadir que la subida anual de la cuantía de las pensiones, está muy por debajo del índice de precios al consumo IPC, lo que hace que todo pensionista vaya perdiendo poder adquisitivo constantemente.</p>



<p>Seleccione la sección del menú titulada «Problemas», en la que se enumeran los principales a los que se enfrentan cotidianamente los jubilados en España.</p>


<h5 style="text-align: center;"><span style="color: #ff6600;">Nuestros Correos Electrónicos:</span></h5>
<h5 style="text-align: center;"><span style="color: #ffff00;"><strong>info @ ajubes.com</strong></span></h5>
<h5 style="text-align: center;"><span style="color: #ffff00;">jubilados @ ajubes.com</span></h5>


<hr class="wp-block-separator has-css-opacity"/>



<div class="wp-block-cover alignfull" style="min-height:988px;aspect-ratio:unset;"><span aria-hidden="true" class="wp-block-cover__background has-background-dim"></span><img loading="lazy" decoding="async" width="1452" height="1154" class="wp-block-cover__image-background wp-image-38" alt="" src="https://crclebrija.com/ajubes/wp-content/uploads/2021/04/fondo.jpg" data-object-fit="cover" srcset="https://crclebrija.com/ajubes/wp-content/uploads/2021/04/fondo.jpg 1452w, https://crclebrija.com/ajubes/wp-content/uploads/2021/04/fondo-300x238.jpg 300w, https://crclebrija.com/ajubes/wp-content/uploads/2021/04/fondo-1024x814.jpg 1024w, https://crclebrija.com/ajubes/wp-content/uploads/2021/04/fondo-768x610.jpg 768w, https://crclebrija.com/ajubes/wp-content/uploads/2021/04/fondo-1200x954.jpg 1200w" sizes="auto, (max-width: 1452px) 100vw, 1452px" /><div class="wp-block-cover__inner-container is-layout-flow wp-block-cover-is-layout-flow">
<p class="has-text-align-center has-large-font-size"></p>
</div></div>

<p>Asamblea de Jubilados Españoles punto com Esta es la página principal de la Web del Jubilado. La idea de esta Web es la de servir de ayuda y, al mismo tiempo, convertirse en portavoz, de toda persona en estado de JUBILACIÓN en España. Sabemos que las pensiones son el objetivo de todo Gobierno, ya que, [&hellip;]</p>
